-5)/(-2) - 4)/(u/29372). Is 8/20 - (k/15 + 0) prime?
False
Suppose 0 = -3*d - 4*a + 1970, -5*a - 5 = -0. Suppose -4*s + 2*m = -2664, s - 81*m + 76*m - 666 = 0. Suppose 2*t - s - d = 0. Is t a composite number?
True
Let m(t) = 231*t**2 + 19*t + 107. Is m(-13) a prime number?
False
Suppose -40 = 461*o - 451*o. Is (o/16)/((-4)/32432) prime?
True
Let t = -16343 - -28492. Is t a prime number?
True
Let j(h) = -7*h - 3. Let l be j(-2). Suppose y + 5*g = 27, -l*y + 7*y + 4*g = 12. Suppose q - y*q = -541. Is q composite?
False
Let h(q) = 9083*q**3 + 2*q. Let r be h(1). Let y = -3084 + r. Is y a composite number?
True
Let z = -254317 + 647558. Is z composite?
False
Let q be (-2)/(-10) + (-57)/(-15). Suppose 3*o + i = 55, q*o = -i + 23 + 50. Is (-51804)/o*2/(-4) a prime number?
True
Suppose v = l, l - 42 = 5*v - 30. Is ((0 - 549084)/4)/v a composite number?
False
Suppose 8*c = -5 - 11. Let f be (3 + 0 + 1 + c)*2. Suppose f*p - 2267 = 2081. Is p a composite number?
False
Let f be (-46)/(-322) - (-8)/(-7)*1. Is f + 11172 + 0/(-13) composite?
False
Suppose -d = 543*k - 544*k + 346490, 4*k + d = 1385975. Is k composite?
True
Suppose -10*m + 4*m - 30 = 0. Let j(n) = -2*n + 6. Let w be j(m). Is -3*(-4)/w + (-5474)/(-8) composite?
True
Suppose 285 = 5*d - 5*i, -10 + 233 = 4*d - 5*i. Suppose 13*j + d = 62020. Suppose -11*h - 157 + j = 0. Is h prime?
True
Is 4/(-6 - -2) + 5/(60/2121216) composite?
True
Let l(r) = -17*r + 0*r**3 - 4*r**2 + 4 + 20*r**2 + r**3. Let n be l(-17). Suppose -n*p - 41 = 2*c - 291, -4*c + 516 = 4*p. Is c composite?
True
Suppose -5*m = -3*m + f - 1573562, 4*f = -3*m + 2360348. Is (m/32)/15 - 1/8 composite?
True
Suppose 9*m + 2 = 8*m. Let s = -31 - -35. Is (s/m - -3)/((-2)/(-586)) a composite number?
False
Suppose 0 = 2*p + 43 - 221. Suppose -2*w = -3*r + 7*r - 74, -4*r = -w - p. Is 1285/35 + 6/r a composite number?
False
Let v(g) = 165*g**3 + 3*g**2 - 3*g + 4. Let i(q) = 164*q**3 + 3*q**2 - 4*q + 4. Let d(x) = -5*i(x) + 6*v(x). Is d(3) a prime number?
False
Let z = 26 - 39. Let d be (z/(-26))/((-3)/24). Is (0 - -896) + d - 3 a composite number?
True
Let k(g) = -12770*g + 2046. Is k(-8) composite?
True
Let u(t) = 316*t**3 + 4*t**2 - 18*t + 107. Is u(6) a prime number?
True
Let d(v) be the second derivative of -v**5/20 - 11*v**4/12 - 25*v**3/3 + 7*v**2/2 + 172*v. Is d(-15) prime?
True
Suppose 4*y - 2*y + 4*x - 16 = 0, -21 = 3*y - 3*x. Is -58 - -53 - 14696/y prime?
False
Is ((-42)/(-63))/((-3)/2 + 560315/373530) a prime number?
True
Suppose 21*b + 81 = 30*b. Suppose -3630 = -b*g + 1347. Is g prime?
False
Is (4065057 + 6)*(-5)/((-90)/6) a prime number?
True
Let m(u) = u + 31. Suppose -17*t - 105 = -12*t. Let l be m(t). Suppose -l*w + 8*w = -638. Is w a prime number?
False
Let c(r) = -5466 + 1332*r + 5481 + 436*r. Is c(2) a prime number?
False
Is (2 - (-11888395)/30) + 250/(-300) a prime number?
False
Is 4/(-64)*6 + (-1)/8*-1113931 composite?
False
Suppose -5448462 = -112*h - 62*h. Is h prime?
False
Let q(w) be the first derivative of -5/2*w**4 - w**3 - 9 - w - 2*w**2. Is q(-3) a composite number?
True
Let o = 130 + -131. Is 2 + 2052 + -1 + (o - -1) a prime number?
True
Suppose -4*s + 1058534 = -a - 271879, -3*s + 997807 = 2*a. Is s a prime number?
False
Let n = 616745 + -430458. Is n prime?
False
Let a = 9756 - -3143. Is a composite?
False
Let f be 48*(-9)/(-27)*(-74)/(-8). Let l = -147 + f. Is (132 - -7) + (l - (0 - 2)) a composite number?
True
Let v(h) be the first derivative of 1969*h**2/2 - 25*h + 121. Is v(6) a composite number?
False
Suppose -4*n - 5*p = -248712, -5*n - 10*p = -5*p - 310885. Is n composite?
True
Suppose -10 = -t - 3*a, 2*t - 11*a = -16*a + 19. Is (-1)/t + (1 - (-31085)/35) composite?
True
Let n be -2*((-2)/(-8) + (-7)/4). Suppose 4 = n*v - 11. Suppose 15170 = 5*m + 2*d - 3*d, -v = -d. Is m a composite number?
True
Suppose t + 119 - 104 = 4*q, 3*q - 2*t = 15. Let o = -42 + 166. Suppose -q*h = -53 - o. Is h a composite number?
False
Is 50/(-45) + 40935620/180 a prime number?
True
Suppose -v + 0 = 4*l - 21, 24 = 2*l - 4*v. Suppose -l*r - 8*r = -67186. Is r prime?
True
Let i be ((-6)/(-5) + -2)*-5. Let d(v) = -i - 28*v**3 + 6*v**3 + 9*v - 20*v. Is d(-3) a composite number?
True
Let b = 251 + -255. Let h(l) = -116*l**3 - 7*l**2 - 7*l + 3. Is h(b) composite?
True
Let d = 18081 - 10730. Suppose 25461 = 4*o - d. Is o a prime number?
False
Let i(q) = -1. Let o(z) = -z**2 - 10. Let a(r) = -3*i(r) - o(r). Let n = 143 - 149. Is a(n) prime?
False
Let m be (11*(-4)/(-4))/1. Let s be (-7 - 0)*(-6 + m). Is 10/s + 3070/14 composite?
True
Let q = -59 + 59. Suppose q = 8*z - 48396 - 15484. Is z prime?
False
Let i = -10984 + 19237. Let c = 14411 - i. Is c a prime number?
False
Let y = 44 + -48. Let f be 7684/2 + (-2 - y). Suppose q - 2*z - 3*z = 938, f = 4*q + 3*z. Is q a prime number?
False
Let p(r) = -16*r + 4*r**2 + 6*r + 4*r**2 - 5 + 10*r - 40*r**3. Is p(-6) composite?
False
Let n = 201 - 204. Is n*5/(75/(-7555)) composite?
False
Let f = -62 + 66. Suppose -6*c + 3*c = 3*a - 16815, 0 = -f*a + 8. Is c prime?
False
Suppose v + 3 = -n + 5*v, -2*n - 27 = -v. Let x(m) = 7*m**2 + 27*m + 37. Is x(n) a composite number?
True
Let k(l) = -136*l - 7. Suppose -6*b - 140 = -10*b. Suppose u + b = 27. Is k(u) a prime number?
False
Let n(t) = -50*t - 17. Let x(h) = -249*h - 84. Let d(z) = 11*n(z) - 2*x(z). Let q(y) = -y. Let o(k) = -d(k) + 4*q(k). Is o(6) prime?
True
Suppose -63*g = -784639 - 37007. Is g prime?
False
Let k(g) = 9*g - 303*g + 4 - 36. Suppose 3*r + 5*c = -5, 0 = 2*r - 3*c + 3 + 13. Is k(r) composite?
True
Suppose -13*a - 12 = -15*a. Let s(j) = j**3 - 9*j**2 - j + 12. Let p be s(9). Suppose h + 9885 = 5*g + a*h, p*g = 4*h + 5903. Is g prime?
True
Suppose 2*h - 4*h = -5*c - 14, 5*c + 20 = 5*h. Is 18/(-6) - c - -7998 prime?
False
Is 71718/(-4)*(-344)/258 composite?
True
Suppose 0 = -160*p + 21933020 + 17366340. Is p prime?
True
Let o be 92/(-230)*5/2. Is (-670)/o - (1 + 2) a prime number?
False
Suppose -6 = l - 10. Let v be l/(2/5*5). Suppose -950 = -v*p + 420. Is p prime?
False
Suppose -3*b - 1651068 + 36299 = -5*w, 5*b = 10. Is w a prime number?
False
Let x(g) be the second derivative of 26*g - 95/3*g**3 - 31/2*g**2 + 0. Is x(-5) a prime number?
True
Let q be 1684/(1 + -4 - -4). Suppose 5*n + 2*b - q = n, -2*n + 5*b + 818 = 0. Suppose 4*v = j + 3354, 2*v = -j + 1261 + n. Is v a prime number?
True
Suppose 2*p + 2 = 3*p. Let t be (-8)/(-16)*p + (-685 - -1). Let a = t - -1626. Is a a composite number?
True
Is 5519/(5499/(-1107) + 5) - (-1)/(-4) composite?
False
Let s(a) = 1181*a - 2684. Is s(113) a prime number?
True
Suppose 7*r + 28 = 49. Let o(m) = 68*m**2 + 8*m + 2. Let h be o(6). Suppose -h = -5*u + r*u. Is u prime?
True
Let h(g) = g**2 - 14*g + 5. Let a be h(14). Suppose -a*t - 15*v + 14*v + 18892 = 0, -5*v + 3764 = t. Is t a prime number?
True
Let y(g) = 15*g - 29. Suppose -2*k + 20 = 5*c - 45, -k + 3*c + 27 = 0. Suppose 0 = 26*v - k*v + 36. Is y(v) a composite number?
True
Let y be (34583 + 3)/(-1*2/(-2)). Suppose u + 3*o - 9113 = 8184, 2*u + 2*o = y. Is u composite?
False
Is ((-24766)/(-3) + -1)/(1580/120 + -13) a composite number?
True
Suppose 5*a + 2*p - 28 = 0, 0*a + 4 = -2*a + 3*p. Suppose 28 = -a*l + 48. Suppose -r = -l*y - 112, 0 = -4*r + 2*y + 551 - 157. Is r composite?
False
Suppose 76*k + 6*k - 8469698 = 0. Is k a prime number?
True
Let d(r) = 3698*r + 253. Is d(5) composite?
False
Let a = -405903 - -688238. Is a prime?
False
Is 661015/2 - -3 - (-309)/(-206) composite?
False
Let h = 271 - 260. Suppose 7152 + 6917 = h*k. Is k a composite number?
False
Suppose 10*q = 11*q, 2*r - 4 = -5*q. Suppose 38276 = 3*j + 5*v, -r*v - 25 = 3*v. Is j a composite number?
True
Let u(n) = 3*n + 8. Let k be u(-2). Suppose o = k*h + 4*o + 1, 4*o = 2*h - 20. Suppose -452 + 17 = -4*r + j, -h*r + 2*j = -434. Is r a composite number?
False
Suppose 0 = 2*a + 3*n - 437609, -14*a + 16*a - n = 437589. Is a prime?
True
Let q(t) = -t**2 + 9*t + 17. Let a be q(0). Suppose -a*o + 30919 = -10*o. Is o a composite number?
True
Let c(a) = 2*a**2 + 23*a + 16. Let h be c(-11). Is 366 - (75/(-3))/h a composite number?
True
Suppose 0 = -2*o + 2*k + 12, 2*k + 25 = -3*k. Let i be 3270/4 + o/2. Suppose -3*p + 0*p + 3*u = -1269, i = 2*p + 5*u. Is p a composite numbe